{"id":137,"date":"2025-04-24T11:56:32","date_gmt":"2025-04-24T09:56:32","guid":{"rendered":"http:\/\/www.pfcbrasero.fr\/?page_id=137"},"modified":"2026-02-19T14:26:21","modified_gmt":"2026-02-19T13:26:21","slug":"nos-photos-2","status":"publish","type":"page","link":"https:\/\/www.pfcbrasero.fr\/index.php\/nos-photos-2\/","title":{"rendered":"NOS PHOTOS"},"content":{"rendered":"\t\t<div data-elementor-type=\"wp-page\" data-elementor-id=\"137\" class=\"elementor elementor-137\">\n\t\t\t\t<div class=\"elementor-element elementor-element-1bde5b3 e-flex e-con-boxed e-con e-parent\" data-id=\"1bde5b3\" data-element_type=\"container\" data-e-type=\"container\" data-settings=\"{&quot;background_background&quot;:&quot;classic&quot;}\">\n\t\t\t\t\t<div class=\"e-con-inner\">\n\t\t\t\t<div class=\"elementor-element elementor-element-b322d36 elementor-widget elementor-widget-heading\" data-id=\"b322d36\" data-element_type=\"widget\" data-e-type=\"widget\" data-widget_type=\"heading.default\">\n\t\t\t\t<div class=\"elementor-widget-container\">\n\t\t\t\t\t<h1 class=\"elementor-heading-title elementor-size-default\">NOS PHOTOS<\/h1>\t\t\t\t<\/div>\n\t\t\t\t<\/div>\n\t\t\t\t<div class=\"elementor-element elementor-element-98f5606 elementor-widget elementor-widget-text-editor\" data-id=\"98f5606\" data-element_type=\"widget\" data-e-type=\"widget\" data-widget_type=\"text-editor.default\">\n\t\t\t\t<div class=\"elementor-widget-container\">\n\t\t\t\t\t\t\t\t\t<p>D\u00e9couvrez nos braseros en action.\u00a0<\/p>\t\t\t\t\t\t\t\t<\/div>\n\t\t\t\t<\/div>\n\t\t\t\t\t<\/div>\n\t\t\t\t<\/div>\n\t\t<div class=\"elementor-element elementor-element-5e1ff31 e-flex e-con-boxed e-con e-parent\" data-id=\"5e1ff31\" data-element_type=\"container\" data-e-type=\"container\">\n\t\t\t\t\t<div class=\"e-con-inner\">\n\t\t\t\t<div class=\"elementor-element elementor-element-ae825a4 elementor-widget elementor-widget-text-editor\" data-id=\"ae825a4\" data-element_type=\"widget\" data-e-type=\"widget\" data-widget_type=\"text-editor.default\">\n\t\t\t\t<div class=\"elementor-widget-container\">\n\t\t\t\t\t\t\t\t\t<p>Actualit\u00e9s<\/p>\t\t\t\t\t\t\t\t<\/div>\n\t\t\t\t<\/div>\n\t\t\t\t\t<\/div>\n\t\t\t\t<\/div>\n\t\t<div class=\"elementor-element elementor-element-54ee1a1 e-flex e-con-boxed e-con e-parent\" data-id=\"54ee1a1\" data-element_type=\"container\" data-e-type=\"container\">\n\t\t\t\t\t<div class=\"e-con-inner\">\n\t\t\t\t<div class=\"elementor-element elementor-element-09e88e8 elementor-widget elementor-widget-heading\" data-id=\"09e88e8\" data-element_type=\"widget\" data-e-type=\"widget\" data-widget_type=\"heading.default\">\n\t\t\t\t<div class=\"elementor-widget-container\">\n\t\t\t\t\t<h2 class=\"elementor-heading-title elementor-size-default\">NOS BRASEROS EN ACTION<\/h2>\t\t\t\t<\/div>\n\t\t\t\t<\/div>\n\t\t\t\t\t<\/div>\n\t\t\t\t<\/div>\n\t\t<div class=\"elementor-element elementor-element-e512bbf e-flex e-con-boxed e-con e-parent\" data-id=\"e512bbf\" data-element_type=\"container\" data-e-type=\"container\">\n\t\t\t\t\t<div class=\"e-con-inner\">\n\t\t\t\t<div class=\"elementor-element elementor-element-b862deb elementor-arrows-position-inside elementor-pagination-position-outside elementor-widget elementor-widget-image-carousel\" data-id=\"b862deb\" data-element_type=\"widget\" data-e-type=\"widget\" data-settings=\"{&quot;navigation&quot;:&quot;both&quot;,&quot;autoplay&quot;:&quot;yes&quot;,&quot;pause_on_hover&quot;:&quot;yes&quot;,&quot;pause_on_interaction&quot;:&quot;yes&quot;,&quot;autoplay_speed&quot;:5000,&quot;infinite&quot;:&quot;yes&quot;,&quot;speed&quot;:500}\" data-widget_type=\"image-carousel.default\">\n\t\t\t\t<div class=\"elementor-widget-container\">\n\t\t\t\t\t\t\t<div class=\"elementor-image-carousel-wrapper swiper\" role=\"region\" aria-roledescription=\"carousel\" aria-label=\"Carrousel d\u2019images\" dir=\"ltr\">\n\t\t\t<div class=\"elementor-image-carousel swiper-wrapper\" aria-live=\"off\">\n\t\t\t\t\t\t\t\t<div class=\"swiper-slide\" role=\"group\" aria-roledescription=\"slide\" aria-label=\"1 sur 1\"><figure class=\"swiper-slide-inner\"><img decoding=\"async\" class=\"swiper-slide-image\" src=\"https:\/\/www.pfcbrasero.fr\/wp-content\/uploads\/2025\/07\/IMG_6501-1024x792.jpg\" alt=\"Location de brasero tout-en-un, plancha, tireuse \u00e0 bi\u00e8res, r\u00f4tissoire, barbecue, four \u00e0 pizza...\" \/><\/figure><\/div>\t\t\t<\/div>\n\t\t\t\t\t<\/div>\n\t\t\t\t\t\t<\/div>\n\t\t\t\t<\/div>\n\t\t\t\t\t<\/div>\n\t\t\t\t<\/div>\n\t\t<div class=\"elementor-element elementor-element-c3f970b e-flex e-con-boxed e-con e-parent\" data-id=\"c3f970b\" data-element_type=\"container\" data-e-type=\"container\">\n\t\t\t\t\t<div class=\"e-con-inner\">\n\t\t<div class=\"elementor-element elementor-element-113535d e-con-full e-flex e-con e-child\" data-id=\"113535d\" data-element_type=\"container\" data-e-type=\"container\">\n\t\t\t\t<div class=\"elementor-element elementor-element-9becd16 elementor-widget elementor-widget-text-editor\" data-id=\"9becd16\" data-element_type=\"widget\" data-e-type=\"widget\" data-widget_type=\"text-editor.default\">\n\t\t\t\t<div class=\"elementor-widget-container\">\n\t\t\t\t\t\t\t\t\t<p>\ud83d\udc49 Suivez-nous sur nos r\u00e9seaux-sociaux : <strong><a href=\"https:\/\/www.instagram.com\/pfcbrasero?igsh=bTFuNXdjeDlqdmJo&amp;utm_source=qr\">Instagram<\/a><\/strong>, <strong><a href=\"https:\/\/www.facebook.com\/share\/1B7PGjAsgy\/?mibextid=wwXIfr\">Facebook<\/a><\/strong>, <strong><a href=\"https:\/\/www.tiktok.com\/@pfc.brasero?_t=ZN-8ySMPStbM2x&amp;_r=1\">Tik Tok<\/a><\/strong> et <a href=\"https:\/\/www.linkedin.com\/company\/pfc-brasero\/\"><strong>Linkedin<\/strong><\/a> pour ne rien manquer de notre actualit\u00e9.<\/p>\t\t\t\t\t\t\t\t<\/div>\n\t\t\t\t<\/div>\n\t\t\t\t<\/div>\n\t\t\t\t\t<\/div>\n\t\t\t\t<\/div>\n\t\t\t\t<\/div>\n\t\t","protected":false},"excerpt":{"rendered":"<p>NOS PHOTOS D\u00e9couvrez nos braseros en action.\u00a0 Actualit\u00e9s NOS BRASEROS EN ACTION \ud83d\udc49 Suivez-nous sur nos r\u00e9seaux-sociaux : Instagram, Facebook, Tik Tok et Linkedin pour ne rien manquer de notre actualit\u00e9.<\/p>\n","protected":false},"author":1,"featured_media":0,"parent":0,"menu_order":0,"comment_status":"closed","ping_status":"closed","template":"","meta":{"site-sidebar-layout":"no-sidebar","site-content-layout":"","ast-site-content-layout":"full-width-container","site-content-style":"default","site-sidebar-style":"default","ast-global-header-display":"","ast-banner-title-visibility":"","ast-main-header-display":"","ast-hfb-above-header-display":"","ast-hfb-below-header-display":"","ast-hfb-mobile-header-display":"","site-post-title":"disabled","ast-breadcrumbs-content":"","ast-featured-img":"disabled","footer-sml-layout":"","ast-disable-related-posts":"","theme-transparent-header-meta":"","adv-header-id-meta":"","stick-header-meta":"","header-above-stick-meta":"","header-main-stick-meta":"","header-below-stick-meta":"","astra-migrate-meta-layouts":"default","ast-page-background-enabled":"default","ast-page-background-meta":{"desktop":{"background-color":"var(--ast-global-color-5)","background-image":"","background-repeat":"repeat","background-position":"center center","background-size":"auto","background-attachment":"scroll","background-type":"","background-media":"","overlay-type":"","overlay-color":"","overlay-opacity":"","overlay-gradient":""},"tablet":{"background-color":"","background-image":"","background-repeat":"repeat","background-position":"center center","background-size":"auto","background-attachment":"scroll","background-type":"","background-media":"","overlay-type":"","overlay-color":"","overlay-opacity":"","overlay-gradient":""},"mobile":{"background-color":"","background-image":"","background-repeat":"repeat","background-position":"center center","background-size":"auto","background-attachment":"scroll","background-type":"","background-media":"","overlay-type":"","overlay-color":"","overlay-opacity":"","overlay-gradient":""}},"ast-content-background-meta":{"desktop":{"background-color":"var(--ast-global-color-4)","background-image":"","background-repeat":"repeat","background-position":"center center","background-size":"auto","background-attachment":"scroll","background-type":"","background-media":"","overlay-type":"","overlay-color":"","overlay-opacity":"","overlay-gradient":""},"tablet":{"background-color":"var(--ast-global-color-4)","background-image":"","background-repeat":"repeat","background-position":"center center","background-size":"auto","background-attachment":"scroll","background-type":"","background-media":"","overlay-type":"","overlay-color":"","overlay-opacity":"","overlay-gradient":""},"mobile":{"background-color":"var(--ast-global-color-4)","background-image":"","background-repeat":"repeat","background-position":"center center","background-size":"auto","background-attachment":"scroll","background-type":"","background-media":"","overlay-type":"","overlay-color":"","overlay-opacity":"","overlay-gradient":""}},"footnotes":""},"class_list":["post-137","page","type-page","status-publish","hentry"],"yoast_head":"<!-- This site is optimized with the Yoast SEO plugin v27.1.1 - https:\/\/yoast.com\/product\/yoast-seo-wordpress\/ -->\n<title>Nos photos - PFC BRASERO<\/title>\n<meta name=\"description\" content=\"D\u00e9couvrez toutes nos photos ; \u00e9v\u00e8nements, braseros en action, photos de conception...\" \/>\n<meta name=\"robots\" content=\"index, follow, max-snippet:-1, max-image-preview:large, max-video-preview:-1\" \/>\n<link rel=\"canonical\" href=\"https:\/\/www.pfcbrasero.fr\/index.php\/nos-photos-2\/\" \/>\n<meta property=\"og:locale\" content=\"fr_FR\" \/>\n<meta property=\"og:type\" content=\"article\" \/>\n<meta property=\"og:title\" content=\"Nos photos - PFC BRASERO\" \/>\n<meta property=\"og:description\" content=\"D\u00e9couvrez toutes nos photos ; \u00e9v\u00e8nements, braseros en action, photos de conception...\" \/>\n<meta property=\"og:url\" content=\"https:\/\/www.pfcbrasero.fr\/index.php\/nos-photos-2\/\" \/>\n<meta property=\"article:publisher\" content=\"https:\/\/www.facebook.com\/people\/PFC-Brasero\/61574586614326\/?mibextid=wwXIfr&amp;rdid=uD0nH3nqQStVOQvo&amp;share_url=httpswww.facebook.comshare1B7PGjAsgymibextidwwXIfr\" \/>\n<meta property=\"article:modified_time\" content=\"2026-02-19T13:26:21+00:00\" \/>\n<meta property=\"og:image\" content=\"https:\/\/www.pfcbrasero.fr\/wp-content\/uploads\/2025\/07\/IMG_6501-1024x792.jpg\" \/>\n<meta name=\"twitter:card\" content=\"summary_large_image\" \/>\n<meta name=\"twitter:label1\" content=\"Dur\u00e9e de lecture estim\u00e9e\" \/>\n\t<meta name=\"twitter:data1\" content=\"1 minute\" \/>\n<script type=\"application\/ld+json\" class=\"yoast-schema-graph\">{\"@context\":\"https:\/\/schema.org\",\"@graph\":[{\"@type\":\"WebPage\",\"@id\":\"https:\/\/www.pfcbrasero.fr\/index.php\/nos-photos-2\/\",\"url\":\"https:\/\/www.pfcbrasero.fr\/index.php\/nos-photos-2\/\",\"name\":\"Nos photos - PFC BRASERO\",\"isPartOf\":{\"@id\":\"https:\/\/www.pfcbrasero.fr\/#website\"},\"primaryImageOfPage\":{\"@id\":\"https:\/\/www.pfcbrasero.fr\/index.php\/nos-photos-2\/#primaryimage\"},\"image\":{\"@id\":\"https:\/\/www.pfcbrasero.fr\/index.php\/nos-photos-2\/#primaryimage\"},\"thumbnailUrl\":\"https:\/\/www.pfcbrasero.fr\/wp-content\/uploads\/2025\/07\/IMG_6501-1024x792.jpg\",\"datePublished\":\"2025-04-24T09:56:32+00:00\",\"dateModified\":\"2026-02-19T13:26:21+00:00\",\"description\":\"D\u00e9couvrez toutes nos photos ; \u00e9v\u00e8nements, braseros en action, photos de conception...\",\"breadcrumb\":{\"@id\":\"https:\/\/www.pfcbrasero.fr\/index.php\/nos-photos-2\/#breadcrumb\"},\"inLanguage\":\"fr-FR\",\"potentialAction\":[{\"@type\":\"ReadAction\",\"target\":[\"https:\/\/www.pfcbrasero.fr\/index.php\/nos-photos-2\/\"]}]},{\"@type\":\"ImageObject\",\"inLanguage\":\"fr-FR\",\"@id\":\"https:\/\/www.pfcbrasero.fr\/index.php\/nos-photos-2\/#primaryimage\",\"url\":\"https:\/\/www.pfcbrasero.fr\/wp-content\/uploads\/2025\/07\/IMG_6501-scaled.jpg\",\"contentUrl\":\"https:\/\/www.pfcbrasero.fr\/wp-content\/uploads\/2025\/07\/IMG_6501-scaled.jpg\",\"width\":2560,\"height\":1980,\"caption\":\"Location de brasero tout-en-un, plancha, tireuse \u00e0 bi\u00e8res, r\u00f4tissoire, barbecue, four \u00e0 pizza...\"},{\"@type\":\"BreadcrumbList\",\"@id\":\"https:\/\/www.pfcbrasero.fr\/index.php\/nos-photos-2\/#breadcrumb\",\"itemListElement\":[{\"@type\":\"ListItem\",\"position\":1,\"name\":\"Accueil\",\"item\":\"https:\/\/www.pfcbrasero.fr\/\"},{\"@type\":\"ListItem\",\"position\":2,\"name\":\"NOS PHOTOS\"}]},{\"@type\":\"WebSite\",\"@id\":\"https:\/\/www.pfcbrasero.fr\/#website\",\"url\":\"https:\/\/www.pfcbrasero.fr\/\",\"name\":\"PFC Brasero\",\"description\":\"\",\"publisher\":{\"@id\":\"https:\/\/www.pfcbrasero.fr\/#organization\"},\"potentialAction\":[{\"@type\":\"SearchAction\",\"target\":{\"@type\":\"EntryPoint\",\"urlTemplate\":\"https:\/\/www.pfcbrasero.fr\/?s={search_term_string}\"},\"query-input\":{\"@type\":\"PropertyValueSpecification\",\"valueRequired\":true,\"valueName\":\"search_term_string\"}}],\"inLanguage\":\"fr-FR\"},{\"@type\":\"Organization\",\"@id\":\"https:\/\/www.pfcbrasero.fr\/#organization\",\"name\":\"PFC Brasero\",\"url\":\"https:\/\/www.pfcbrasero.fr\/\",\"logo\":{\"@type\":\"ImageObject\",\"inLanguage\":\"fr-FR\",\"@id\":\"https:\/\/www.pfcbrasero.fr\/#\/schema\/logo\/image\/\",\"url\":\"https:\/\/www.pfcbrasero.fr\/wp-content\/uploads\/2025\/04\/cropped-cropped-cropped-cropped-Logo_horizontal_blanc-1.png\",\"contentUrl\":\"https:\/\/www.pfcbrasero.fr\/wp-content\/uploads\/2025\/04\/cropped-cropped-cropped-cropped-Logo_horizontal_blanc-1.png\",\"width\":1963,\"height\":937,\"caption\":\"PFC Brasero\"},\"image\":{\"@id\":\"https:\/\/www.pfcbrasero.fr\/#\/schema\/logo\/image\/\"},\"sameAs\":[\"https:\/\/www.facebook.com\/people\/PFC-Brasero\/61574586614326\/?mibextid=wwXIfr&rdid=uD0nH3nqQStVOQvo&share_url=httpswww.facebook.comshare1B7PGjAsgymibextidwwXIfr\",\"https:\/\/www.linkedin.com\/company\/pfc-brasero\/\",\"https:\/\/www.instagram.com\/pfcbrasero?igsh=bTFuNXdjeDlqdmJo&utm_source=qr\"]}]}<\/script>\n<!-- \/ Yoast SEO plugin. -->","yoast_head_json":{"title":"Nos photos - PFC BRASERO","description":"D\u00e9couvrez toutes nos photos ; \u00e9v\u00e8nements, braseros en action, photos de conception...","robots":{"index":"index","follow":"follow","max-snippet":"max-snippet:-1","max-image-preview":"max-image-preview:large","max-video-preview":"max-video-preview:-1"},"canonical":"https:\/\/www.pfcbrasero.fr\/index.php\/nos-photos-2\/","og_locale":"fr_FR","og_type":"article","og_title":"Nos photos - PFC BRASERO","og_description":"D\u00e9couvrez toutes nos photos ; \u00e9v\u00e8nements, braseros en action, photos de conception...","og_url":"https:\/\/www.pfcbrasero.fr\/index.php\/nos-photos-2\/","article_publisher":"https:\/\/www.facebook.com\/people\/PFC-Brasero\/61574586614326\/?mibextid=wwXIfr&rdid=uD0nH3nqQStVOQvo&share_url=httpswww.facebook.comshare1B7PGjAsgymibextidwwXIfr","article_modified_time":"2026-02-19T13:26:21+00:00","og_image":[{"url":"https:\/\/www.pfcbrasero.fr\/wp-content\/uploads\/2025\/07\/IMG_6501-1024x792.jpg","type":"","width":"","height":""}],"twitter_card":"summary_large_image","twitter_misc":{"Dur\u00e9e de lecture estim\u00e9e":"1 minute"},"schema":{"@context":"https:\/\/schema.org","@graph":[{"@type":"WebPage","@id":"https:\/\/www.pfcbrasero.fr\/index.php\/nos-photos-2\/","url":"https:\/\/www.pfcbrasero.fr\/index.php\/nos-photos-2\/","name":"Nos photos - PFC BRASERO","isPartOf":{"@id":"https:\/\/www.pfcbrasero.fr\/#website"},"primaryImageOfPage":{"@id":"https:\/\/www.pfcbrasero.fr\/index.php\/nos-photos-2\/#primaryimage"},"image":{"@id":"https:\/\/www.pfcbrasero.fr\/index.php\/nos-photos-2\/#primaryimage"},"thumbnailUrl":"https:\/\/www.pfcbrasero.fr\/wp-content\/uploads\/2025\/07\/IMG_6501-1024x792.jpg","datePublished":"2025-04-24T09:56:32+00:00","dateModified":"2026-02-19T13:26:21+00:00","description":"D\u00e9couvrez toutes nos photos ; \u00e9v\u00e8nements, braseros en action, photos de conception...","breadcrumb":{"@id":"https:\/\/www.pfcbrasero.fr\/index.php\/nos-photos-2\/#breadcrumb"},"inLanguage":"fr-FR","potentialAction":[{"@type":"ReadAction","target":["https:\/\/www.pfcbrasero.fr\/index.php\/nos-photos-2\/"]}]},{"@type":"ImageObject","inLanguage":"fr-FR","@id":"https:\/\/www.pfcbrasero.fr\/index.php\/nos-photos-2\/#primaryimage","url":"https:\/\/www.pfcbrasero.fr\/wp-content\/uploads\/2025\/07\/IMG_6501-scaled.jpg","contentUrl":"https:\/\/www.pfcbrasero.fr\/wp-content\/uploads\/2025\/07\/IMG_6501-scaled.jpg","width":2560,"height":1980,"caption":"Location de brasero tout-en-un, plancha, tireuse \u00e0 bi\u00e8res, r\u00f4tissoire, barbecue, four \u00e0 pizza..."},{"@type":"BreadcrumbList","@id":"https:\/\/www.pfcbrasero.fr\/index.php\/nos-photos-2\/#breadcrumb","itemListElement":[{"@type":"ListItem","position":1,"name":"Accueil","item":"https:\/\/www.pfcbrasero.fr\/"},{"@type":"ListItem","position":2,"name":"NOS PHOTOS"}]},{"@type":"WebSite","@id":"https:\/\/www.pfcbrasero.fr\/#website","url":"https:\/\/www.pfcbrasero.fr\/","name":"PFC Brasero","description":"","publisher":{"@id":"https:\/\/www.pfcbrasero.fr\/#organization"},"potentialAction":[{"@type":"SearchAction","target":{"@type":"EntryPoint","urlTemplate":"https:\/\/www.pfcbrasero.fr\/?s={search_term_string}"},"query-input":{"@type":"PropertyValueSpecification","valueRequired":true,"valueName":"search_term_string"}}],"inLanguage":"fr-FR"},{"@type":"Organization","@id":"https:\/\/www.pfcbrasero.fr\/#organization","name":"PFC Brasero","url":"https:\/\/www.pfcbrasero.fr\/","logo":{"@type":"ImageObject","inLanguage":"fr-FR","@id":"https:\/\/www.pfcbrasero.fr\/#\/schema\/logo\/image\/","url":"https:\/\/www.pfcbrasero.fr\/wp-content\/uploads\/2025\/04\/cropped-cropped-cropped-cropped-Logo_horizontal_blanc-1.png","contentUrl":"https:\/\/www.pfcbrasero.fr\/wp-content\/uploads\/2025\/04\/cropped-cropped-cropped-cropped-Logo_horizontal_blanc-1.png","width":1963,"height":937,"caption":"PFC Brasero"},"image":{"@id":"https:\/\/www.pfcbrasero.fr\/#\/schema\/logo\/image\/"},"sameAs":["https:\/\/www.facebook.com\/people\/PFC-Brasero\/61574586614326\/?mibextid=wwXIfr&rdid=uD0nH3nqQStVOQvo&share_url=httpswww.facebook.comshare1B7PGjAsgymibextidwwXIfr","https:\/\/www.linkedin.com\/company\/pfc-brasero\/","https:\/\/www.instagram.com\/pfcbrasero?igsh=bTFuNXdjeDlqdmJo&utm_source=qr"]}]}},"rttpg_featured_image_url":null,"rttpg_author":{"display_name":"admin1449","author_link":"https:\/\/www.pfcbrasero.fr\/index.php\/author\/admin1449\/"},"rttpg_comment":0,"rttpg_category":null,"rttpg_excerpt":"NOS PHOTOS D\u00e9couvrez nos braseros en action.\u00a0 Actualit\u00e9s NOS BRASEROS EN ACTION \ud83d\udc49 Suivez-nous sur nos r\u00e9seaux-sociaux : Instagram, Facebook, Tik Tok et Linkedin pour ne rien manquer de notre actualit\u00e9.","_links":{"self":[{"href":"https:\/\/www.pfcbrasero.fr\/index.php\/wp-json\/wp\/v2\/pages\/137","targetHints":{"allow":["GET"]}}],"collection":[{"href":"https:\/\/www.pfcbrasero.fr\/index.php\/wp-json\/wp\/v2\/pages"}],"about":[{"href":"https:\/\/www.pfcbrasero.fr\/index.php\/wp-json\/wp\/v2\/types\/page"}],"author":[{"embeddable":true,"href":"https:\/\/www.pfcbrasero.fr\/index.php\/wp-json\/wp\/v2\/users\/1"}],"replies":[{"embeddable":true,"href":"https:\/\/www.pfcbrasero.fr\/index.php\/wp-json\/wp\/v2\/comments?post=137"}],"version-history":[{"count":103,"href":"https:\/\/www.pfcbrasero.fr\/index.php\/wp-json\/wp\/v2\/pages\/137\/revisions"}],"predecessor-version":[{"id":2346,"href":"https:\/\/www.pfcbrasero.fr\/index.php\/wp-json\/wp\/v2\/pages\/137\/revisions\/2346"}],"wp:attachment":[{"href":"https:\/\/www.pfcbrasero.fr\/index.php\/wp-json\/wp\/v2\/media?parent=137"}],"curies":[{"name":"wp","href":"https:\/\/api.w.org\/{rel}","templated":true}]}}